Let i be a(-18). Let g(q) = -q**3 - 7*q**2 - 3*q - 7. Calculate g(i).
14
Suppose 35*a + 113 + 62 = 0. Let q(j) = -2*j - 1. Give q(a).
9
Let r(x) be the second derivative of x**5/60 - x**4/12 - x**3/2 + x**2 - 2*x. Let g(z) be the first derivative of r(z). What is g(-2)?
5
Suppose 14*w + 7 + 7 = 0. Let a(p) = 32*p**2 - p. What is a(w)?
33
Let y(h) = -52*h - 57*h + 4 - 47*h + 217*h - 56*h. Determine y(2).
14
Let j(y) = 41*y**3 - 2*y**2 + 22*y - 13. Let h(p) = -19*p**3 - 11*p + 6. Let d(a) = 13*h(a) + 6*j(a). Give d(-11).
0
Let w = 2 - 1. Suppose o - 5 = -5*p, p + 2 = -5*o + 3*p. Let r be (-5)/5 - (w + o). Let c(m) = m**3 + 2*m**2 - 1. What is c(r)?
-1
Let s = 33 - 32. Let a(o) = -6*o**2 + s + 4*o + 0*o - 3*o + 3*o + o**3. Calculate a(5).
-4
Let k(s) = s - 5. Let p(l) = 3*l - 11. Let x(d) = 9*k(d) - 4*p(d). Determine x(2).
-7
Let h(k) = 2*k**3 + 4*k**2 + k - 2. Suppose 3*b - 9 + 0 = 0. Suppose -2*q = 2, q + b*q = 2*a. Give h(a).
-4
Suppose -2*j + 13 - 39 = -3*k, -6 = -3*k - 3*j. Let v(r) = 2*r**2 + r**3 - k*r - 4 + 0 + 0 + 2. What is v(-4)?
-10
Let j(y) be the first derivative of -y**4/4 - 8*y**3/3 + 9*y**2/2 + 7*y - 1. Suppose -27*w + 87*w + 171 = 41*w. Determine j(w).
7
Suppose 8 - 2 = -z - 5*g, 2*z - 3*g + 77 = 0. Let q = 27 + z. Let x(k) = k**2 + 9*k + 5. Let o(w) = -w - 1. Let j(h) = -5*o(h) - x(h). What is j(q)?
0
Let m(j) = 10*j - 1. Let i = 5 + -20. Let l be i + (2 - 5 - 0). Let x = l - -19. Determine m(x).
9
Let r(y) be the second derivative of y**5/30 - y**4/8 - y**3/6 + 2*y. Let v(n) be the second derivative of r(n). What is v(2)?
5
Let x(h) = 61 - 17 - 31 + 9*h - 12*h + 9*h. Determine x(-6).
-23
Let f(i) = -i**3 - 3*i**2 + 7*i + 9. Let o(d) = -d**2 + 2*d + 1. Let g(x) = -f(x) + 4*o(x). What is g(0)?
-5
Let k(v) = 2*v - 4. Let n(z) = -2*z + 23. Suppose -3*s - 32 = -2*b, b - 3*s = -0*b + 22. Let c be n(b). Give k(c).
2
Let p be (-1 - (2 - 0))*(-240)/(-180). Let v(l) = 8*l + 3. Let o(m) = 1. Let c(s) = p*o(s) + v(s). Determine c(-1).
-9
Let y(g) be the third derivative of -g**5/60 + 5*g**4/24 + 7*g**3/6 - 257*g**2. Let z be (7/2)/(4/8). Determine y(z).
-7
Let m(a) be the third derivative of 0 + 0*a + 5/6*a**3 - 1/24*a**4 + 2*a**2. Let q be (-1 - 0)*(-9 + 4). Calculate m(q).
0
Let a(i) = -4 + 406*i**2 - i - 401*i**2 + 6 - 4. Give a(-3).
46
Let k(b) = -b**2 - 18*b + 44. Let t = -1902 - -1882. Determine k(t).
4
Let s(f) be the first derivative of 2*f**3 - 4*f**2 + 2*f + 10. Determine s(2).
10
Let m(b) = 8*b + 3. Let c(y) = y + 14. Let n be c(-10). Let r(h) = -17*h - 7. Let z(f) = n*r(f) + 9*m(f). Suppose 8 = -2*a - 3*i, a - 2*i + 9 = -6*i. Give z(a).
-5
Let a(t) = 6*t**2 + 6*t + 15. Let k(l) = l**2 + l + 3. Let z(s) = 2*a(s) - 11*k(s). What is z(-4)?
9
Suppose -2*h - 2*l - 22 = -6*l, 4*h + l = -17. Let t(r) = 5*r**2 + 8*r - 1. Let j(z) = 6*z**2 + 9*z - 2. Let a(f) = h*t(f) + 4*j(f). Determine a(-4).
-3
Let j(t) be the third derivative of -t**5/60 + 7*t**4/24 - 227*t**2. Give j(9).
-18
Let f(h) = -h**2 + 2*h + 3. Let s be f(0). Let i(w) = -3*w**3 + 20*w**3 - 4*w**3 + 8*w**s. Determine i(-1).
-21
Let y(l) = -3674*l - 10 + 3677*l - 2. Give y(2).
-6
Let c(q) = -7*q**2 + 3*q - 3. Let x(s) = 15*s**2 - 5*s + 4. Let o(n) = -13*c(n) - 6*x(n). Determine o(2).
1
Let g(a) = 3*a**2 + 31*a + 10. Let h be g(-10). Let i(u) be the third derivative of 1/60*u**5 + h*u - 7/6*u**3 + 0 + 4*u**2 - 1/6*u**4. Determine i(5).
-2
Let m(i) = -2*i + 8. Suppose -3*z + 0*z = -12. Let o be m(z). Let p(f) = f**3 + f**2 - 4. Give p(o).
-4
Let n(i) = i - 1. Suppose t = 2*d - 10, 0 = -t + 5*t + 2*d + 70. Let x be t/(-20)*(-5)/2. What is n(x)?
-3
Let v be (9/30*4)/(16/20). Let n(i) be the second derivative of 1/2*i**3 + v*i**2 + 4*i + 0. Give n(-2).
-3
Suppose -3 = -5*h - 4*q + 12, 4*q - 22 = 2*h. Let o(l) = l - 2*l - 14*l. Calculate o(h).
15
Let r(b) = 3*b**2 - 3*b. Suppose -49 = -31*u + 13. Determine r(u).
6
Let t(l) = -l + 1. Let h = -237 + 240. Determine t(h).
-2
Let d = -6 - -10. Suppose 2*g - 15 = -3. Let p(t) = g - 1 - t + 3*t. What is p(d)?
13
Let j(y) = y**3 + 5*y**2 + 7*y - 5. Let h(c) = c**3 - c**2 - 1. Let k(o) = 2*h(o) - j(o). Let s(r) = 66*r**2 + 128*r. Let a be s(-2). What is k(a)?
11
Let b(n) = n**2 - 8*n - 5. Let c be (-26)/(-4) + 2/(-4). Suppose c*f - 88 = -5*f. Give b(f).
-5
Suppose -8 = -2*q - r, 2*q - 15*r + 11*r - 28 = 0. Let a(z) = z**3 - 6*z**2 + 7*z - 6. What is a(q)?
36
Let t(z) = -5*z**3 - 8*z**2 - 4*z - 6. Let g(w) = -w**3 - w**2 - 1. Let o(n) = 6*g(n) - t(n). Let q(x) = -x**2 - 13*x + 17. Let f be q(-14). Calculate o(f).
3
Let r(k) = -6*k**2 + 1. Let t be (-85)/(-170)*(-2 + 1 + -1). Calculate r(t).
-5
Let i be 96/(-12)*(-2)/4. Suppose -5*c + i = 9. Let l(y) = -2*y**3 + y**2. What is l(c)?
3
Let x(h) = h**2 + 6*h - 3. Suppose -5*c - 12*d = -7*d + 45, -3*c = -3*d + 9. What is x(c)?
-3
Let v(n) = -12*n - 14*n + 31*n + 33. Calculate v(-6).
3
Let j(i) be the first derivative of i**5/120 + 5*i**4/24 - 22*i**3/3 + 23. Let t(u) be the third derivative of j(u). Calculate t(-8).
-3
Let d(l) = -l + 14. Let k be d(6). Let r be (20/(-16))/((-2)/k). Let o(w) = 502*w**3 + 4*w**2 - 503*w**3 + 6 + r*w + 0. Determine o(5).
6
Let t(s) = -9*s + 4. Let i be (1 + -1)/(4/1). Let y be i + -4*12/(-16). Determine t(y).
-23
Let f(u) be the first derivative of u**3/6 - 2*u**2 + 29*u + 23. Let z(b) be the first derivative of f(b). Determine z(4).
0
Let r(d) = -8*d**3 + 2*d**2 + d. Suppose 3*b - 6*b + 6 = 0. Suppose -4*h + 8 = -b*h. Suppose -3 = -f - h. Give r(f).
9
Let d be 1816/(-200) - 4/(-50). Let b(v) = 3*v + 32. What is b(d)?
5
Let j(v) = v**3 + 14*v**2 + 14*v + 15. Let i be j(-13). Suppose -n - d = -i, 3*d - 3 = 3*n + 3. Let g(q) = q**3 - q**2 + q + 12. What is g(n)?
12
Let z(t) = t**3 + 4*t**2 - 2 - 13*t + 8*t + 4*t + 0*t**2. Suppose a + 3 = -1. Determine z(a).
2
Let u(l) = 3*l**2 - 88*l + 183. Let j be u(27). Let r(q) = q**2 + 10*q + 8. Determine r(j).
-16
Let z(h) = h**2 + 2. Let k be z(0). Let n = 5 - k. Let a(y) be the third derivative of -y**6/120 + y**5/15 - y**4/24 + y**3/6 - 5*y**2 - 48. Give a(n).
7
Suppose 21*n - 14*n + 14 = 0. Let o be (-96)/12 - (n - 0). Let h(z) = -z + 2. What is h(o)?
8
Let t(z) = -20*z**3 + 31*z**2 + 21*z - 5. Let m(a) = 11*a**3 - 16*a**2 - 11*a + 2. Let c(o) = 11*m(o) + 6*t(o). What is c(-9)?
28
Let z(y) be the third derivative of -y**4/24 + 16*y**2. Let u = 0 + -10. Let d = 3 + u. Calculate z(d).
7
Let m(a) = 11*a + 2*a - 13*a**2 + 0*a + 14*a**2 + 11. Give m(-12).
-1
Let r(b) be the third derivative of b**5/120 + b**4/8 - 2*b**3 + 7*b**2. Let l(o) be the first derivative of r(o). Calculate l(4).
7
Suppose -4 = -5*k + 21. Let y(a) = 4 - 2 + 7*a - 62*a**3 + 3*a**2 + k*a**2 + 63*a**3. Calculate y(-7).
2
Suppose -4*v + 4*m - 13 = 11, v + 5*m = 18. Let u(p) be the third derivative of -p**6/30 - p**5/20 - p**4/24 + 2*p**2 - 2*p + 295. Determine u(v).
22
Let d(z) = z**3 - 8*z**2 - 21*z + 11. Let p(n) = -n**3 + 8*n**2 - 62. Let o be p(6). Determine d(o).
1
Let p(o) = o - 1. Let z(l) = 5*l - 37. Let h be z(-5). Let d = h - -65. What is p(d)?
2
Let f(z) = -3*z + 37. Let c be f(12). Let w(a) be the second derivative of -a**4/3 - a**2/2 - 44*a. Determine w(c).
-5
Let o(a) = -a - 18. Suppose -2*w - 301 = -263. What is o(w)?
1
Let c be (28/(-6))/((-26)/39). Suppose -3*x + c = 4*a, -22 = 3*a - 7*a + 2*x. Let y(u) = -u**3 + 5*u**2 - 3*u - 3. Give y(a).
1
Suppose 5*j = -2*j + 77. Suppose 0 = w - 5*i + 5, 6*w - 3*w + 3*i + 51 = 0. Let u = j + w. Let z(f) = -4*f - 5. Give z(u).
11
Let x(t) = -7*t + 10. Let k(w) = 6*w - 9. Let f(p) = -6*k(p) - 5*x(p). Suppose 56 = -5*l + l. Let j be (-304)/112 - (-4)/l. Give f(j).
7
Let q(p) = p + 8. Let j = -107 - -101. What is q(j)?
2
Let y(p) be the third derivative of p**5/60 + p**4/12 + p**3/3 + 27*p**2 + 3*p. Determine y(-3).
5
Suppose -6*l - 4 = -4*l. Let i(u) = -10 - 3*u - u**2 + 5 + 5. Determine i(l).
2
Suppose 0 = 3*k + 3, 5*k = 4*m - 3*m - 6. Let d be (-20)/(-5) + 1 + 26. Let y(o) = -29*o**3 + 1 - d*o**3 + o**2 + 65*o**3 - o. What is y(m)?
6
Let a(v) = -11*v**2 + v + 1. Let x be a(-1). Let p(f) = -2*f + 1. Let s(g) = -6*g + 4. Let i(m) = x*p(m) + 4*s(m). Give i(4).
-3
Let g(q) be the third derivative of -q**5/60 - 7*q**4/24 - 11*q**3/6 - 70*q**2 - 1. Determine g(-6).
-5
Let d(g) = g**2 - 3*g - 1. Let p(h) =